{"id":6,"date":"2018-01-16T11:00:58","date_gmt":"2018-01-16T17:00:58","guid":{"rendered":"http:\/\/elhuevocojo.com\/\/\/?page_id=2"},"modified":"2026-02-12T13:47:39","modified_gmt":"2026-02-12T19:47:39","slug":"sample-page-2","status":"publish","type":"page","link":"https:\/\/www.elhuevocojo.com\/?page_id=6","title":{"rendered":"El Taller"},"content":{"rendered":"<h1 style=\"text-align: left;\"><strong>Taller de cr\u00f3nica: c\u00f3mo escribir las historias que quiero contar<\/strong><\/h1>\n<p><img loading=\"lazy\" decoding=\"async\" class=\"aligncenter size-full wp-image-3730\" src=\"https:\/\/www.elhuevocojo.com\/wp-content\/uploads\/2020\/08\/Taller1.jpg\" alt=\"\" width=\"1128\" height=\"755\" srcset=\"https:\/\/elhuevocojo.com\/wp-content\/uploads\/2020\/08\/Taller1.jpg 1128w, https:\/\/elhuevocojo.com\/wp-content\/uploads\/2020\/08\/Taller1-300x201.jpg 300w, https:\/\/elhuevocojo.com\/wp-content\/uploads\/2020\/08\/Taller1-1024x685.jpg 1024w, https:\/\/elhuevocojo.com\/wp-content\/uploads\/2020\/08\/Taller1-768x514.jpg 768w, https:\/\/elhuevocojo.com\/wp-content\/uploads\/2020\/08\/Taller1-640x428.jpg 640w\" sizes=\"auto, (max-width: 1128px) 100vw, 1128px\" \/><\/p>\n<p>&nbsp;<\/p>\n<p><strong>TALLER VIRTUAL DE CR\u00d3NICA<\/strong><\/p>\n<p>Contar historias propias o ajenas que interesen e importen<\/p>\n<p>Toda cr\u00f3nica comienza con una pregunta.<\/p>\n<p>\u00bfC\u00f3mo narrar lo que me obsesiona?<\/p>\n<p>\u00bfC\u00f3mo convertir una experiencia en una historia?<\/p>\n<p>\u00bfPor d\u00f3nde empezar cuando solo tengo una intuici\u00f3n, una imagen, una escena?<\/p>\n<p>Este taller nace de esas preguntas.<\/p>\n<p>&nbsp;<\/p>\n<p>Durante cuatro meses trabajaremos el g\u00e9nero m\u00e1s maleable de la literatura: la cr\u00f3nica. Ese territorio donde el periodismo, la literatura, la memoria y la vida cotidiana se cruzan. Un espacio para escribir historias de vida, perfiles, escenas urbanas, viajes, conflictos \u00edntimos o p\u00fablicos. Historias reales contadas con rigor, mirada y estilo.<\/p>\n<p>Aqu\u00ed leemos.<\/p>\n<p>Aqu\u00ed analizamos c\u00f3mo lo hacen los grandes cronistas.<\/p>\n<p>Pero, sobre todo, aqu\u00ed escribimos.<\/p>\n<p>\u2e3b<\/p>\n<p>\u00bfQu\u00e9 haremos?<\/p>\n<p>Recorreremos la tradici\u00f3n de la cr\u00f3nica, desde sus antecedentes hasta las voces contempor\u00e1neas m\u00e1s relevantes del \u00e1mbito hispanoamericano. Leeremos y discutiremos autores como Juan Villoro, Alberto Salcedo Ramos, Leila Guerriero, Mart\u00edn Caparr\u00f3s, Elena Poniatowska, Alma Guillermoprieto, Gabriela Wiener, Julio Villanueva Chang, Susana Orlean, Gay Talese, Ryszard Kapu\u015bci\u0144ski, entre muchos otros.<\/p>\n<p>Analizaremos:<\/p>\n<p>\u2022El manejo de la escena<\/p>\n<p>\u2022La construcci\u00f3n del conflicto<\/p>\n<p>\u2022El punto de vista<\/p>\n<p>\u2022El ritmo y la estructura<\/p>\n<p>\u2022El perfil y la cr\u00f3nica urbana<\/p>\n<p>\u2022La cr\u00f3nica de viaje<\/p>\n<p>\u2022El diario y la memoria<\/p>\n<p>\u2022La cr\u00f3nica period\u00edstica contempor\u00e1nea<\/p>\n<p>&nbsp;<\/p>\n<p>Cada participante desarrollar\u00e1 sus propios textos, que ser\u00e1n le\u00eddos y comentados en sesi\u00f3n. La revisi\u00f3n es detallada y se pone especial atenci\u00f3n en el estilo, la estructura y la potencia narrativa.<\/p>\n<p>Los mejores trabajos podr\u00e1n publicarse en El Huevo Cojo, la primera y \u00fanica p\u00e1gina dedicada a la cr\u00f3nica en Guadalajara.<\/p>\n<p>\u2e3b<\/p>\n<p>&nbsp;<\/p>\n<p>Estructura del Taller<\/p>\n<p>Duraci\u00f3n: 4 meses<\/p>\n<p>16 sesiones (una por semana)<\/p>\n<p>4 m\u00f3dulos:<\/p>\n<p>M\u00f3dulo 1. La cr\u00f3nica como g\u00e9nero: definici\u00f3n, antecedentes y evoluci\u00f3n.<\/p>\n<p>M\u00f3dulo 2. El manejo de la escena: qu\u00e9 contar y c\u00f3mo contarlo.<\/p>\n<p>M\u00f3dulo 3. Del rostro humano de la noticia a la cr\u00f3nica de viaje.<\/p>\n<p>M\u00f3dulo 4. Perfil, diario, memoria y cruces de g\u00e9nero. La cr\u00f3nica hoy.<\/p>\n<p>\u2e3b<\/p>\n<p>Modalidad y datos pr\u00e1cticos<\/p>\n<p>Inicia: martes 3 de marzo de 2026<\/p>\n<p>Horario: martes de 8:00 a 10:00 pm<\/p>\n<p>Modalidad: Google Meet<\/p>\n<p>&nbsp;<\/p>\n<p>Costo:<\/p>\n<p>\u2022$4,000 pesos en dos exhibiciones<\/p>\n<p>\u2022$3,000 pesos en una sola exhibici\u00f3n (pago adelantado)<\/p>\n<p>Cupo limitado. Es necesario confirmar inscripci\u00f3n.<\/p>\n<p>&nbsp;<\/p>\n<p>Informes e inscripciones (pagos):<\/p>\n<p>33-10-21-06-81<\/p>\n<p>\u2709\ufe0f lilianarivascervantes@hotmail.com<\/p>\n<p>Dudas sobre contenidos y metodolog\u00eda:<\/p>\n<p>33-14-46-80-68<\/p>\n<p>\u2709\ufe0f david.izazaga@gmail.com<\/p>\n<p>&nbsp;<\/p>\n<hr \/>\n<p>&nbsp;<\/p>\n<p style=\"text-align: center;\" align=\"center\"><strong><span style=\"color: #ff6600;\">TALLER PERMANENTE DE CR\u00d3NICA <\/span><\/strong><\/p>\n<p style=\"text-align: center;\" align=\"center\"><em>\u00abPara quienes ya cursaron el primer taller\u00bb<\/em><\/p>\n<p>&nbsp;<\/p>\n<p>El\u00a0<strong>Taller Permanente de Cr\u00f3nica <\/strong>es un espacio creado para quienes ya cursaron la primera versi\u00f3n del Taller de Cr\u00f3nica o bien para quienes ya escriben, tienen destreza en el manejo del g\u00e9nero y desean profundizar en el tema.<\/p>\n<p>Este taller no cuenta con un programa espec\u00edfico; generalmente se trabaja cada semana un tema distinto y los s\u00e1bados se lee frente al grupo la cr\u00f3nica, d\u00e1ndose entonces la lluvia de opiniones sobre ella, de acuerdo con los criterios tanto de los participantes como de quien dirige el Taller.<\/p>\n<p>Las mejores cr\u00f3nicas que se escriben en el Taller se publican en esta p\u00e1gina e incluso en algunos otros espacios.<\/p>\n<p>Adem\u00e1s, se lleva a cabo una constante revisi\u00f3n de todo lo que se publica sobre el g\u00e9nero: desde teor\u00eda relativa al tema, hasta cr\u00f3nicas en diarios, revistas, libros y por supuesto la web.<\/p>\n<p>Tambi\u00e9n existe un programa de visitas de escritores que han practicado el g\u00e9nero y que acuden a las sesiones para compartir sus impresiones y experiencias con el grupo.<\/p>\n<p>En esta ocasi\u00f3n, adem\u00e1s, se va a plantear el objetivo de trabajar cr\u00f3nicas de largo aliento para inscribirlas a concurso y, espec\u00edficamente, para elaborar un libro colectivo de cr\u00f3nicas sobre temas urbanos.<\/p>\n<p>Este taller no tiene una duraci\u00f3n determinada, como s\u00ed la tiene el primero; por lo mismo,\u00a0<strong>la cuota de recuperaci\u00f3n es por sesi\u00f3n: $100 pesos.<\/strong><\/p>\n<p>Este taller se llevar\u00e1 a cabo todos los s\u00e1bados, de 12:00 a 2:00 pm, en el <strong>Escarabajo Scratch: Andador Coronilla 28<\/strong>, entre Hidalgo y Morelos, a unas cuadras de la estaci\u00f3n Ju\u00e1rez del Tren Ligero, en el <strong>centro de la ciudad<\/strong>.<\/p>\n<p>Para m\u00e1s informaci\u00f3n escribe al WhatsApp 33-14-46-80-68 o al correo: <a href=\"mailto:david.izazaga@gmail.com\">david.izazaga@gmail.com<\/a><\/p>\n<p>&nbsp;<\/p>\n<p><img decoding=\"async\" src=\"https:\/\/www.elhuevocojo.com\/wp-content\/uploads\/2026\/01\/WhatsApp-Image-2026-01-26-at-10.39.22-PM.jpeg\" \/><\/p>\n<p>&nbsp;<\/p>\n<hr \/>\n<p>&nbsp;<\/p>\n<p style=\"text-align: left;\"><strong><img loading=\"lazy\" decoding=\"async\" class=\"wp-image-3728 alignnone\" src=\"https:\/\/www.elhuevocojo.com\/wp-content\/uploads\/2020\/08\/Taller_David5.jpg\" alt=\"\" width=\"530\" height=\"398\" srcset=\"https:\/\/elhuevocojo.com\/wp-content\/uploads\/2020\/08\/Taller_David5.jpg 1280w, https:\/\/elhuevocojo.com\/wp-content\/uploads\/2020\/08\/Taller_David5-300x225.jpg 300w, https:\/\/elhuevocojo.com\/wp-content\/uploads\/2020\/08\/Taller_David5-1024x768.jpg 1024w, https:\/\/elhuevocojo.com\/wp-content\/uploads\/2020\/08\/Taller_David5-768x576.jpg 768w, https:\/\/elhuevocojo.com\/wp-content\/uploads\/2020\/08\/Taller_David5-640x480.jpg 640w\" sizes=\"auto, (max-width: 530px) 100vw, 530px\" \/><\/strong><\/p>\n<p style=\"text-align: left;\"><strong>David Izazaga M\u00e1rquez.<\/strong><\/p>\n<p>Es escritor, editor y promotor cultural. Textos suyos han sido publicados en diversos diarios y revistas tanto nacionales como locales. Ha publicado los libros de cuentos \u00a0Nunca nada es exactamente as\u00ed (Consejo Nacional para la Cultura y las Artes, por medio del Fondo Editorial Tierra Adentro), y Poquita fe (Libros Invisibles, 2014 &#8211;<a href=\"http:\/\/www.librosinvisibles.com\/bookstore.html\" target=\"_blank\" rel=\"noopener noreferrer\">c\u00f3mpralo aqu\u00ed<\/a>-)\u00a0. Fue editor en el desaparecido diario <i>Siglo 21<\/i> y director editorial de los peri\u00f3dicos <i>Tribuna de la Bah\u00eda<\/i> y <i>Vallarta Opina MILENIO<\/i>, de Puerto Vallarta, Jalisco. Fue titular de la Direcci\u00f3n de Artes Esc\u00e9nicas y Literatura de la Universidad de Guadalajara y Jefe del Departamento de Cultura del Ayuntamiento de Puerto Vallarta. Como docente y tallerista, ha impartido cursos de literatura y talleres de escritura tanto en la Universidad de Guadalajara, como en distintas universidades privadas. Obtuvo en dos ocasiones la beca de la Fundaci\u00f3n Nuevo Periodismo Iberoamericano (hoy Fundaci\u00f3n Gabo), que presid\u00eda Gabriel Garc\u00eda M\u00e1rquez: en 2004, para participar en el Taller En busca de la Calidad Period\u00edstica, conducido por Jean Francoise Foguel, en San Juan de Puerto Rico y en 2009 para participar en el Taller de Cr\u00f3nica Cultural, impartido por Alberto Salcedo Ramos, durante el Festival de la Leyenda Vallenata de Valledupar, Colombia. Fue Presidente del Consejo de Cr\u00f3nica Municipal de Zapopan y dirigi\u00f3 la revista KY. Actualmente est\u00e1 al frente de la Jefatura de Publicaciones, en la Secretar\u00eda de Cultura de Jalisco.<\/p>\n","protected":false},"excerpt":{"rendered":"<p>Taller de cr\u00f3nica: c\u00f3mo escribir las historias que quiero contar &nbsp; TALLER VIRTUAL DE CR\u00d3NICA Contar historias propias o ajenas que interesen e importen Toda cr\u00f3nica comienza con una pregunta. \u00bfC\u00f3mo narrar lo que me obsesiona? \u00bfC\u00f3mo convertir una experiencia en una historia? \u00bfPor d\u00f3nde empezar cuando solo tengo una intuici\u00f3n, una imagen, una escena? Este taller nace de esas preguntas. &nbsp; Durante cuatro meses trabajaremos el g\u00e9nero m\u00e1s maleable de la literatura: la cr\u00f3nica. Ese territorio donde el periodismo, la literatura, la memoria y la vida cotidiana se cruzan. Un espacio para escribir historias de vida, perfiles, escenas urbanas, viajes, conflictos \u00edntimos o p\u00fablicos. Historias reales contadas con rigor, mirada y estilo. Aqu\u00ed leemos. Aqu\u00ed analizamos c\u00f3mo lo hacen los grandes cronistas. Pero, sobre todo, aqu\u00ed escribimos. \u2e3b \u00bfQu\u00e9 haremos? Recorreremos la tradici\u00f3n de la cr\u00f3nica, desde sus antecedentes hasta las voces contempor\u00e1neas m\u00e1s relevantes del \u00e1mbito hispanoamericano. Leeremos y discutiremos autores como Juan Villoro, Alberto Salcedo Ramos, Leila Guerriero, Mart\u00edn Caparr\u00f3s, Elena Poniatowska, Alma Guillermoprieto, Gabriela Wiener, Julio Villanueva Chang, Susana Orlean, Gay Talese, Ryszard Kapu\u015bci\u0144ski, entre muchos otros. Analizaremos: \u2022El manejo de la escena \u2022La construcci\u00f3n del conflicto \u2022El punto de vista \u2022El ritmo y la estructura [&hellip;]<\/p>\n","protected":false},"author":1,"featured_media":0,"parent":0,"menu_order":0,"comment_status":"open","ping_status":"open","template":"","meta":{"footnotes":""},"class_list":["post-6","page","type-page","status-publish","hentry"],"_links":{"self":[{"href":"https:\/\/www.elhuevocojo.com\/index.php?rest_route=\/wp\/v2\/pages\/6","targetHints":{"allow":["GET"]}}],"collection":[{"href":"https:\/\/www.elhuevocojo.com\/index.php?rest_route=\/wp\/v2\/pages"}],"about":[{"href":"https:\/\/www.elhuevocojo.com\/index.php?rest_route=\/wp\/v2\/types\/page"}],"author":[{"embeddable":true,"href":"https:\/\/www.elhuevocojo.com\/index.php?rest_route=\/wp\/v2\/users\/1"}],"replies":[{"embeddable":true,"href":"https:\/\/www.elhuevocojo.com\/index.php?rest_route=%2Fwp%2Fv2%2Fcomments&post=6"}],"version-history":[{"count":69,"href":"https:\/\/www.elhuevocojo.com\/index.php?rest_route=\/wp\/v2\/pages\/6\/revisions"}],"predecessor-version":[{"id":4676,"href":"https:\/\/www.elhuevocojo.com\/index.php?rest_route=\/wp\/v2\/pages\/6\/revisions\/4676"}],"wp:attachment":[{"href":"https:\/\/www.elhuevocojo.com\/index.php?rest_route=%2Fwp%2Fv2%2Fmedia&parent=6"}],"curies":[{"name":"wp","href":"https:\/\/api.w.org\/{rel}","templated":true}]}}